{"id":69,"date":"2015-01-27T15:05:21","date_gmt":"2015-01-27T15:05:21","guid":{"rendered":"http:\/\/www.aearraiolos.net\/?page_id=69"},"modified":"2024-06-27T08:04:58","modified_gmt":"2024-06-27T08:04:58","slug":"jornal","status":"publish","type":"page","link":"https:\/\/www.aearraiolos.net\/?page_id=69","title":{"rendered":"Jornal"},"content":{"rendered":"\n<figure class=\"wp-block-table\"><table><tbody><tr><td colspan=\"2\"><p>\u00a0A equipa do Jornal ArrRivar, vai disponibilizar as tr\u00eas edi\u00e7\u00f5es anuais do Jornal em dois formatos: papel e digital.\u00a0<\/p> <p><strong>Ano Letivo 2023\/2024<\/strong><\/p> <a href=\"https:\/\/issuu.com\/arraiolos.net\/docs\/arrr_1_ed_-_23-24\" data-type=\"link\" data-id=\"https:\/\/issuu.com\/arraiolos.net\/docs\/arrr_1_ed_-_23-24\">&#8211; Jornal Arrivar 1\u00aa Edi\u00e7\u00e3o 2023\/2024<\/a><br> <a href=\"https:\/\/issuu.com\/bibliotecapre1\/docs\/arrr_2_ed_-_23-24_2_\" data-type=\"link\" data-id=\"https:\/\/issuu.com\/bibliotecapre1\/docs\/arrr_2_ed_-_23-24_2_\">&#8211; Jornal Arrivar 2\u00aa Edi\u00e7\u00e3o 2023\/2024<\/a><p><strong>Ano Letivo 2022\/2023<\/strong><\/p> <a href=\"https:\/\/www.aearraiolos.net\/wp-content\/uploads\/2023\/02\/ArrR-1a-ed-22-23-.pdf\">&#8211; Jornal Arrivar 1\u00aa Edi\u00e7\u00e3o 2022\/2023 <\/a><br> <a href=\"https:\/\/issuu.com\/aearraiolos8\/docs\/arrr_2_ed_-_22-23\" data-type=\"link\" data-id=\"https:\/\/issuu.com\/aearraiolos8\/docs\/arrr_2_ed_-_22-23\">&#8211; Jornal Arrivar 2\u00aa Edi\u00e7\u00e3o 2022\/2023 <\/a><br><br><p><strong>Ano Letivo 2021\/2022<\/strong><\/p><a href=\"https:\/\/www.aearraiolos.net\/wp-content\/uploads\/2023\/02\/ArrR-1a-ed-21-22.pdf\"> &#8211; Jornal Arrivar 1\u00aa Edi\u00e7\u00e3o 2021\/2022 <\/a><p><a href=\"https:\/\/www.aearraiolos.net\/wp-content\/uploads\/2023\/02\/ArrR-2a-ed-3-21-22-final.pdf\">&#8211; Jornal Arrivar 2\u00aa Edi\u00e7\u00e3o 2021\/2022<\/a><\/p> <strong style=\"font-size: revert; font-family: inherit;\">Ano Letivo 2020\/2021<\/strong> <p><a href=\"https:\/\/issuu.com\/arraiolos.net\/docs\/arrr_1__ed_-_20-21\">&#8211; Jornal ArrRivar 1\u00aa Edi\u00e7\u00e3o 2020\/2021<\/a><\/p> <a style=\"font-size: revert; font-family: inherit;\" href=\"https:\/\/issuu.com\/aearraiolos4\/docs\/arrr_2__ed_-_20-21\">&#8211; Jornal ArrRivar 2\u00aa Edi\u00e7\u00e3o 2020\/2021<\/a> <p><a href=\"https:\/\/issuu.com\/aearraiolos8\/docs\/arrr_3_ed_-_20-21\">&#8211; Jornal ArrRivar 3\u00aa Edi\u00e7\u00e3o 2020\/2021<\/a><\/p> <p><strong>Ano Letivo 2019\/2020<\/strong><\/p> &#8211; <a style=\"font-size: revert; font-family: inherit;\" href=\"https:\/\/issuu.com\/aearraiolos4\/docs\/arrrivar_dez_2019\">Jornal ArrRivar 1\u00aa Edi\u00e7\u00e3o 2019\/2020<\/a> <p>&#8211; <a href=\"https:\/\/issuu.com\/aearraiolos4\/docs\/arrrivar_2__edi__o_19-2020\">Jornal ArrRivar 2\u00aa Edi\u00e7\u00e3o 2019\/2020<\/a><\/p> &#8211; <a style=\"font-size: revert; font-family: inherit;\" href=\"https:\/\/issuu.com\/aearraiolos4\/docs\/arrrivar_junho_2020\">Jornal ArrRivar 3\u00aa Edi\u00e7\u00e3o 2019\/2020<\/a> <p><strong>Ano Letivo 2018\/2019<\/strong><\/p> &#8211;\u00a0<a style=\"font-size: revert; font-family: inherit;\" href=\"https:\/\/issuu.com\/aearraiolos4\/docs\/1ed-jo_1\">Jornal ArrRivar 1\u00aa Edi\u00e7\u00e3o 2018\/2019<\/a> <p>&#8211; <a href=\"https:\/\/issuu.com\/aearraiolos4\/docs\/arrr_2__ed\">Jornal ArrRivar 2\u00aa Edi\u00e7\u00e3o 2018\/2019<\/a><\/p> &#8211; <a style=\"font-size: revert; font-family: inherit;\" href=\"https:\/\/issuu.com\/aearraiolos4\/docs\/3__edi__o_-_jornal_-_2019\">Jornal ArrRivar 3\u00aa Edi\u00e7\u00e3o 2018\/2019<\/a> <p><strong>Ano Letivo 2017\/2018<\/strong><\/p> &#8211;\u00a0Jornal ArrRivar 1\u00aa Edi\u00e7\u00e3o 2018\/2019 <p>&#8211; Jornal ArrRivar 2\u00aa Edi\u00e7\u00e3o 2018\/2019<\/p> &#8211; Jornal ArrRivar 3\u00aa Edi\u00e7\u00e3o 2018\/2019 <p><strong>Ano Letivo 2016\/2017<\/strong><\/p> &#8211;\u00a0<a style=\"font-size: revert; font-family: inherit;\" href=\"http:\/\/issuu.com\/arrrivar\/docs\/1___edi____o_14_de_janeiro\" target=\"_blank\" rel=\"noopener noreferrer\">J<\/a><a style=\"font-size: revert; font-family: inherit;\" href=\"https:\/\/issuu.com\/arrrivar\/docs\/27_de_janeiro_-_1___edi____o_-_arrr\">ornal ArrRivar 1\u00aa Edi\u00e7\u00e3o 2016\/2017<\/a> <p>&#8211;\u00a0<a href=\"http:\/\/issuu.com\/arrrivar\/docs\/1___edi____o_14_de_janeiro\" target=\"_blank\" rel=\"noopener noreferrer\">J<\/a><a href=\"https:\/\/issuu.com\/arrrivar\/docs\/arrrivar_2-peri__odo_11_maio\">ornal ArrRivar 2\u00aa Edi\u00e7\u00e3o 2016\/2017<\/a><\/p> &#8211;\u00a0<a style=\"font-size: revert; font-family: inherit;\" href=\"http:\/\/issuu.com\/arrrivar\/docs\/1___edi____o_14_de_janeiro\" target=\"_blank\" rel=\"noopener noreferrer\">J<\/a><a style=\"font-size: revert; font-family: inherit;\" href=\"https:\/\/issuu.com\/arrrivar\/docs\/jornal_31_29_maio_2017\">ornal ArrRivar 3\u00aa Edi\u00e7\u00e3o 2016\/2017<\/a> <p><strong>Ano Letivo 2015\/2016<\/strong><\/p> &#8211;\u00a0<a style=\"font-size: revert; font-family: inherit;\" href=\"http:\/\/issuu.com\/arrrivar\/docs\/1___edi____o_14_de_janeiro\" target=\"_blank\" rel=\"noopener noreferrer\">Jornal ArrRivar 1\u00aa Edi\u00e7\u00e3o 2015\/2016<\/a> <p>&#8211;\u00a0<a href=\"https:\/\/issuu.com\/arrrivar\/docs\/2___edi____o_-_20_de_abril__1_\">Jornal ArrRivar 2\u00aa Edi\u00e7\u00e3o 2015\/2016<\/a><\/p> &#8211;\u00a0<a style=\"font-size: revert; font-family: inherit;\" href=\"https:\/\/issuu.com\/arrrivar\/docs\/3___edi____o_-_arrrivar_-_20_de_jun_92980889fbc10a\">Jornal ArrRivar 3\u00aa Edi\u00e7\u00e3o 2015\/2016<\/a> <p><strong>Ano Letivo 2014\/2015<\/strong><\/p> &#8211;\u00a0<a style=\"font-size: revert; font-family: inherit;\" href=\"http:\/\/issuu.com\/arrrivar\/docs\/1___edi____o_-_jornal-_2014-15\/0\" target=\"_blank\" rel=\"noopener noreferrer\">Jornal ArrRivar 1\u00aa Edi\u00e7\u00e3o 2014\/2015<\/a> <p>&#8211;\u00a0<a href=\"http:\/\/issuu.com\/arrrivar\/docs\/2___edi____o_-_jornal-_2014-15\/0\" target=\"_blank\" rel=\"noopener noreferrer\">Jornal ArrRivar 2\u00aa Edi\u00e7\u00e3o 2014\/2015<\/a><\/p> &#8211;\u00a0<a style=\"font-size: revert; font-family: inherit;\" href=\"http:\/\/issuu.com\/arrrivar\/docs\/3___edi____o_-_jornal-_2014-15__-_2\" target=\"_blank\" rel=\"noopener noreferrer\">Jornal ArrRivar 3\u00aa Edi\u00e7\u00e3o 2014\/2015<\/a> <p><strong>Ano Letivo 2013\/2014<\/strong><\/p> &#8211;\u00a0<a style=\"font-size: revert; font-family: inherit;\" href=\"http:\/\/issuu.com\/arrrivar\/docs\/arrrivar-_1___edi____o__-_2013-14\" target=\"_blank\" rel=\"noopener noreferrer\"><span style=\"font-size: small;\">Jornal ArrRivar 1\u00aa Edi\u00e7\u00e3o 2013\/201<\/span>4<\/a> <p>&#8211;\u00a0<a href=\"http:\/\/issuu.com\/arrrivar\/docs\/arrrivar_-_2___edi____o_-_2013-14\" target=\"_blank\" rel=\"noopener noreferrer\"><span style=\"font-size: small;\">Jornal ArrRivar 2\u00aa Edi\u00e7\u00e3o 2013\/201<\/span>4<\/a><\/p> <a style=\"font-size: revert; font-family: inherit;\" href=\"http:\/\/issuu.com\/arrrivar\/docs\/3___edi____o_-_jornal-_2013-14_\" target=\"_blank\" rel=\"noopener noreferrer\">&#8211;\u00a0Jornal ArrRivar 3\u00aa Edi\u00e7\u00e3o 2013\/2014<\/a> <p><strong>Ano Letivo 2012\/2013<\/strong><\/p> &#8211;\u00a0<a style=\"font-size: revert; font-family: inherit;\" href=\"http:\/\/issuu.com\/arrrivar\/docs\/arrrivar-1__edi__o_-_2012-13\" target=\"_blank\" rel=\"noopener noreferrer\">Jornal ArrRivar 1\u00aa Edi\u00e7\u00e3o 2012\/2013<\/a> <p>&#8211;\u00a0<a href=\"http:\/\/issuu.com\/arrrivar\/docs\/arrrivar-2__edi__o__-_2012-13\" target=\"_blank\" rel=\"noopener noreferrer\">Jornal ArrRivar 2\u00aa Edi\u00e7\u00e3o 2012\/2013\u00a0<\/a><\/p> &#8211;\u00a0<a style=\"font-size: revert; font-family: inherit;\" href=\"http:\/\/issuu.com\/arrrivar\/docs\/arrrivar-3___edi____o_-_n___-20-_20\" target=\"_blank\" rel=\"noopener noreferrer\">Jornal ArrRivar 3\u00aa Edi\u00e7\u00e3o 2012\/2013<\/a> <p><strong>Ano Letivo 2011\/2012<\/strong><\/p> &#8211;\u00a0<a style=\"font-size: revert; font-family: inherit;\" href=\"http:\/\/issuu.com\/ArrRivar\/docs\/arrrivar-1__edi__o_-__2011-12\/1\" target=\"_blank\" rel=\"noopener noreferrer\">Jornal ArrRivar 1\u00aa Edi\u00e7\u00e3o 2011\/2012<\/a> <p>&#8211;\u00a0<a href=\"http:\/\/issuu.com\/ArrRivar\/docs\/arrrivar-2__edi__o_-_n_15-_-_2011-12\/1\" target=\"_blank\" rel=\"noopener noreferrer\">Jornal ArrRivar 2\u00aa Edi\u00e7\u00e3o 2011\/2012\u00a0<\/a><\/p> <strong style=\"font-size: revert; font-family: inherit;\">Ano Letivo 2010\/2011<\/strong> <p>&#8211; <a href=\"http:\/\/issuu.com\/arrrivar\/docs\/issuu.com.arrrivar\" target=\"_blank\" rel=\"noopener noreferrer\">Jornal ArrRivar 1\u00aa Edi\u00e7\u00e3o 2010\/2011<\/a><\/p> &#8211; <a style=\"font-size: revert; font-family: inherit;\" href=\"http:\/\/issuu.com\/arrrivar\/docs\/arrrivar\" target=\"_blank\" rel=\"noopener noreferrer\">Jornal ArrRivar 2\u00aa Edi\u00e7\u00e3o 2010\/2011\u00a0<\/a><\/td><\/tr><\/tbody><\/table><\/figure>\n","protected":false},"excerpt":{"rendered":"<p>\u00a0A equipa do Jornal ArrRivar, vai disponibilizar as tr\u00eas edi\u00e7\u00f5es anuais do Jornal em dois formatos: papel e digital.\u00a0 Ano Letivo 2023\/2024 &#8211; Jornal Arrivar 1\u00aa Edi\u00e7\u00e3o 2023\/2024 &#8211; Jornal Arrivar 2\u00aa Edi\u00e7\u00e3o 2023\/2024 Ano Letivo 2022\/2023 &#8211; Jornal Arrivar &hellip; <a href=\"https:\/\/www.aearraiolos.net\/?page_id=69\">Continuar a ler <span class=\"meta-nav\">&rarr;<\/span><\/a><\/p>\n","protected":false},"author":1,"featured_media":0,"parent":0,"menu_order":0,"comment_status":"closed","ping_status":"closed","template":"","meta":{"_crdt_document":"","footnotes":""},"class_list":["post-69","page","type-page","status-publish","hentry"],"_links":{"self":[{"href":"https:\/\/www.aearraiolos.net\/index.php?rest_route=\/wp\/v2\/pages\/69","targetHints":{"allow":["GET"]}}],"collection":[{"href":"https:\/\/www.aearraiolos.net\/index.php?rest_route=\/wp\/v2\/pages"}],"about":[{"href":"https:\/\/www.aearraiolos.net\/index.php?rest_route=\/wp\/v2\/types\/page"}],"author":[{"embeddable":true,"href":"https:\/\/www.aearraiolos.net\/index.php?rest_route=\/wp\/v2\/users\/1"}],"replies":[{"embeddable":true,"href":"https:\/\/www.aearraiolos.net\/index.php?rest_route=%2Fwp%2Fv2%2Fcomments&post=69"}],"version-history":[{"count":20,"href":"https:\/\/www.aearraiolos.net\/index.php?rest_route=\/wp\/v2\/pages\/69\/revisions"}],"predecessor-version":[{"id":4657,"href":"https:\/\/www.aearraiolos.net\/index.php?rest_route=\/wp\/v2\/pages\/69\/revisions\/4657"}],"wp:attachment":[{"href":"https:\/\/www.aearraiolos.net\/index.php?rest_route=%2Fwp%2Fv2%2Fmedia&parent=69"}],"curies":[{"name":"wp","href":"https:\/\/api.w.org\/{rel}","templated":true}]}}