{"id":5060,"date":"2025-04-04T11:42:57","date_gmt":"2025-04-04T11:42:57","guid":{"rendered":"https:\/\/www.aearraiolos.net\/?page_id=5060"},"modified":"2025-04-04T12:03:26","modified_gmt":"2025-04-04T12:03:26","slug":"tecnico-de-agropecuaria","status":"publish","type":"page","link":"https:\/\/www.aearraiolos.net\/?page_id=5060","title":{"rendered":"T\u00e9cnico de Agropecu\u00e1ria"},"content":{"rendered":"\n<figure class=\"wp-block-image size-full\"><a href=\"https:\/\/www.aearraiolos.net\/wp-content\/uploads\/2025\/04\/Tecnico-Profissional-de-Agropecuaria.png\"><img loading=\"lazy\" decoding=\"async\" width=\"935\" height=\"401\" src=\"https:\/\/www.aearraiolos.net\/wp-content\/uploads\/2025\/04\/Tecnico-Profissional-de-Agropecuaria.png\" alt=\"\" class=\"wp-image-5074\" srcset=\"https:\/\/www.aearraiolos.net\/wp-content\/uploads\/2025\/04\/Tecnico-Profissional-de-Agropecuaria.png 935w, https:\/\/www.aearraiolos.net\/wp-content\/uploads\/2025\/04\/Tecnico-Profissional-de-Agropecuaria-300x129.png 300w, https:\/\/www.aearraiolos.net\/wp-content\/uploads\/2025\/04\/Tecnico-Profissional-de-Agropecuaria-768x329.png 768w, https:\/\/www.aearraiolos.net\/wp-content\/uploads\/2025\/04\/Tecnico-Profissional-de-Agropecuaria-500x214.png 500w\" sizes=\"auto, (max-width: 935px) 100vw, 935px\" \/><\/a><\/figure>\n\n\n\n<p class=\"wp-block-paragraph\"><strong>\u00c1rea de Educa\u00e7\u00e3o e Forma\u00e7\u00e3o:<\/strong>\u00a0621 &#8211; Produ\u00e7\u00e3o Agr\u00edcola e Animal<\/p>\n\n\n\n<p class=\"wp-block-paragraph\"><strong>Pontos de Cr\u00e9dito:<\/strong>\u00a0198,00<\/p>\n\n\n\n<p class=\"wp-block-paragraph\"><strong>Descri\u00e7\u00e3o da Qualifica\u00e7\u00e3o:<\/strong>\u00a0Programar, organizar, orientar e executar as atividades de uma explora\u00e7\u00e3o agr\u00edcola e\/ou pecu\u00e1ria, aplicando t\u00e9cnicas, m\u00e9todos e modos de produ\u00e7\u00e3o compat\u00edveis com a preserva\u00e7\u00e3o ambiental e respeitando as normas de prote\u00e7\u00e3o e bem-estar animal e de qualidade dos produtos, de seguran\u00e7a alimentar, de sa\u00fade p\u00fablica e de seguran\u00e7a e sa\u00fade no trabalho.<\/p>\n","protected":false},"excerpt":{"rendered":"<p>\u00c1rea de Educa\u00e7\u00e3o e Forma\u00e7\u00e3o:\u00a0621 &#8211; Produ\u00e7\u00e3o Agr\u00edcola e Animal Pontos de Cr\u00e9dito:\u00a0198,00 Descri\u00e7\u00e3o da Qualifica\u00e7\u00e3o:\u00a0Programar, organizar, orientar e executar as atividades de uma explora\u00e7\u00e3o agr\u00edcola e\/ou pecu\u00e1ria, aplicando t\u00e9cnicas, m\u00e9todos e modos de produ\u00e7\u00e3o compat\u00edveis com a preserva\u00e7\u00e3o ambiental &hellip; <a href=\"https:\/\/www.aearraiolos.net\/?page_id=5060\">Continuar a ler <span class=\"meta-nav\">&rarr;<\/span><\/a><\/p>\n","protected":false},"author":1,"featured_media":0,"parent":0,"menu_order":0,"comment_status":"closed","ping_status":"closed","template":"","meta":{"_crdt_document":"","footnotes":""},"class_list":["post-5060","page","type-page","status-publish","hentry"],"_links":{"self":[{"href":"https:\/\/www.aearraiolos.net\/index.php?rest_route=\/wp\/v2\/pages\/5060","targetHints":{"allow":["GET"]}}],"collection":[{"href":"https:\/\/www.aearraiolos.net\/index.php?rest_route=\/wp\/v2\/pages"}],"about":[{"href":"https:\/\/www.aearraiolos.net\/index.php?rest_route=\/wp\/v2\/types\/page"}],"author":[{"embeddable":true,"href":"https:\/\/www.aearraiolos.net\/index.php?rest_route=\/wp\/v2\/users\/1"}],"replies":[{"embeddable":true,"href":"https:\/\/www.aearraiolos.net\/index.php?rest_route=%2Fwp%2Fv2%2Fcomments&post=5060"}],"version-history":[{"count":3,"href":"https:\/\/www.aearraiolos.net\/index.php?rest_route=\/wp\/v2\/pages\/5060\/revisions"}],"predecessor-version":[{"id":5075,"href":"https:\/\/www.aearraiolos.net\/index.php?rest_route=\/wp\/v2\/pages\/5060\/revisions\/5075"}],"wp:attachment":[{"href":"https:\/\/www.aearraiolos.net\/index.php?rest_route=%2Fwp%2Fv2%2Fmedia&parent=5060"}],"curies":[{"name":"wp","href":"https:\/\/api.w.org\/{rel}","templated":true}]}}