{"id":28,"date":"2015-01-27T14:47:53","date_gmt":"2015-01-27T14:47:53","guid":{"rendered":"http:\/\/www.aearraiolos.net\/?page_id=28"},"modified":"2025-10-07T16:24:39","modified_gmt":"2025-10-07T16:24:39","slug":"conselho-pedagogico","status":"publish","type":"page","link":"https:\/\/www.aearraiolos.net\/?page_id=28","title":{"rendered":"Conselho Pedag\u00f3gico"},"content":{"rendered":"\n<p class=\"wp-block-paragraph\"><strong>Presidente do Conselho Pedag\u00f3gico<\/strong><\/p>\n\n\n\n<p class=\"wp-block-paragraph\">Hermenegildo Domingos dos Santos Pateiro<br><a href=\"mailto:hpateiro@aearraiolos.net\">hpateiro@aearraiolos.net<\/a><\/p>\n\n\n\n<hr class=\"wp-block-separator has-alpha-channel-opacity\"\/>\n\n\n\n<p class=\"wp-block-paragraph\"><strong>C.D.C Pr\u00e9 Escolar<\/strong> &#8211; Maria Teresa Sousa G. V. Fava Rica <a href=\"mailto:mrica@aearraiolos.net\">mrica@aearraiolos.net<\/a><br><strong>C.D.C 1\u00baCiclo<\/strong> &#8211; Maria da Paz de Deus Apol\u00f3nio dos Santos <a href=\"mailto:mpsantos@aearraiolos.net\" target=\"_blank\" rel=\"noopener noreferrer\">mpsantos@aearraiolos.net<\/a><br><strong>C.D.C C. Sociais e Humanas<\/strong> &#8211;\u00a0Maria Ang\u00e9lica P. Salvado <a href=\"mailto:msalvado@aearraiolos.net\" target=\"_blank\" rel=\"noopener noreferrer\">msalvado@aearraiolos.net<\/a><strong><br>C.D.C Mat. C. Experimentais\u00a0<\/strong>Maria Jos\u00e9 Dias Alcaravela <a href=\"mailto:malcaravela@aearraiolos.net\" target=\"_blank\" rel=\"noreferrer noopener\">malcaravela@aearraiolos.net<\/a><br><strong>C.D.C L\u00ednguas\u00a0<\/strong>&#8211; Carla Maria Gon\u00e7alves Vieira S. da Silva <a href=\"mailto:squaresma@aearraiolos.net\" target=\"_blank\" rel=\"noopener noreferrer\">csilva@aearraiolos.net<\/a><br><strong>C.D.C Express\u00f5es<\/strong> &#8211; Manuel J. Casa Branca C. dos Santos <a href=\"mailto:mjsantos@aearraiolos.net\">mjsantos@aearraiolos.net<\/a><br><strong>C.D.C Educa\u00e7\u00e3o Especial<\/strong> &#8211; M\u00f3nica de Jesus Quintal Rebocho <a href=\"mailto:abarreiros@aearraiolos.net\">mrebocho@aearraiolos.net<\/a><br><strong>C.D.T\u00a02\u00ba Ciclo\u00a0<\/strong>&#8211; Maria da Concei\u00e7\u00e3o Valente Mota Correia <a href=\"mailto:mmsilva@aearraiolos.net\" target=\"_blank\" rel=\"noopener noreferrer\">mcorreia@aearraiolos.net<\/a><br><strong>C.D.T 3\u00ba Ciclo\u00a0<\/strong>&#8211; Maria del Mar Arean D&#8217;Abranches Jord\u00e3o <a href=\"mailto:imadeira@aearraiolos.net\" target=\"_blank\" rel=\"noopener noreferrer\">mjordao@aearraiolos.net<\/a><br><strong>C.D.T Secund\u00e1rio\u00a0<\/strong>&#8211; Jos\u00e9 Ant\u00f3nio C. G. S. M. Neto Vieira <a href=\"mailto:jvieira@aearraiolos.net\" target=\"_blank\" rel=\"noopener noreferrer\">jvieira@aearraiolos.net<\/a><br><strong>Coordenadora Ciclo (1\u00ba\/2\u00ba Ciclos) <\/strong>&#8211; Maria Madalena Silva <a href=\"mailto:mmsilva@aearraiolos.net\">mmsilva@aearraiolos.net<\/a><br><strong>Coordenadora Ciclo (3\u00ba Ciclo\/Ensino Secund\u00e1rio) <\/strong>&#8211; Henrique Manuel Gon\u00e7alves <a href=\"mailto:hgoncalves@aearraiolos.net\">hgoncalves@aearraiolos.net<\/a><br><strong>Representante EMAEI\/SPO <\/strong>&#8211; Ana F\u00e1tima Rodrigues dos Santos <a href=\"mailto:mrebocho@aearraiolos.net\" target=\"_blank\" rel=\"noopener noreferrer\">asantos@aearraiolos.net<\/a><br><strong>Professora Bibliotec\u00e1ria\u00a0 <\/strong>&#8211; Paula Maria Pi\u00e7arra Gaspar <a href=\"mailto:impequito@aearraiolos.net\">pgaspar@aearraiolos.net<\/a><br><strong>Represent. Cursos Profissionais\/Cursos de Educa\u00e7\u00e3o e Forma\u00e7\u00e3o<\/strong> &#8211; Clarisse De Jesus Magro Dias Fialho <a href=\"mailto:mgarcia@aearraiolos.net\" target=\"_blank\" rel=\"noopener noreferrer\">cfialho@aearraiolos.net<\/a><br><strong>Coordenador Centro Qualifica<\/strong> &#8211; Ana Paula Veloso Ribeiro <a href=\"mailto:aribeiro@aearraiolos.net\">aribeiro@aearraiolos.net<\/a><\/p>\n","protected":false},"excerpt":{"rendered":"<p>Presidente do Conselho Pedag\u00f3gico Hermenegildo Domingos dos Santos Pateirohpateiro@aearraiolos.net C.D.C Pr\u00e9 Escolar &#8211; Maria Teresa Sousa G. V. Fava Rica mrica@aearraiolos.netC.D.C 1\u00baCiclo &#8211; Maria da Paz de Deus Apol\u00f3nio dos Santos mpsantos@aearraiolos.netC.D.C C. Sociais e Humanas &#8211;\u00a0Maria Ang\u00e9lica P. Salvado &hellip; <a href=\"https:\/\/www.aearraiolos.net\/?page_id=28\">Continuar a ler <span class=\"meta-nav\">&rarr;<\/span><\/a><\/p>\n","protected":false},"author":1,"featured_media":0,"parent":0,"menu_order":0,"comment_status":"closed","ping_status":"closed","template":"","meta":{"_crdt_document":"","footnotes":""},"class_list":["post-28","page","type-page","status-publish","hentry"],"_links":{"self":[{"href":"https:\/\/www.aearraiolos.net\/index.php?rest_route=\/wp\/v2\/pages\/28","targetHints":{"allow":["GET"]}}],"collection":[{"href":"https:\/\/www.aearraiolos.net\/index.php?rest_route=\/wp\/v2\/pages"}],"about":[{"href":"https:\/\/www.aearraiolos.net\/index.php?rest_route=\/wp\/v2\/types\/page"}],"author":[{"embeddable":true,"href":"https:\/\/www.aearraiolos.net\/index.php?rest_route=\/wp\/v2\/users\/1"}],"replies":[{"embeddable":true,"href":"https:\/\/www.aearraiolos.net\/index.php?rest_route=%2Fwp%2Fv2%2Fcomments&post=28"}],"version-history":[{"count":24,"href":"https:\/\/www.aearraiolos.net\/index.php?rest_route=\/wp\/v2\/pages\/28\/revisions"}],"predecessor-version":[{"id":5344,"href":"https:\/\/www.aearraiolos.net\/index.php?rest_route=\/wp\/v2\/pages\/28\/revisions\/5344"}],"wp:attachment":[{"href":"https:\/\/www.aearraiolos.net\/index.php?rest_route=%2Fwp%2Fv2%2Fmedia&parent=28"}],"curies":[{"name":"wp","href":"https:\/\/api.w.org\/{rel}","templated":true}]}}