{"id":24,"date":"2015-01-27T14:47:21","date_gmt":"2015-01-27T14:47:21","guid":{"rendered":"http:\/\/www.aearraiolos.net\/?page_id=24"},"modified":"2025-02-17T13:45:41","modified_gmt":"2025-02-17T13:45:41","slug":"conselho-geral","status":"publish","type":"page","link":"https:\/\/www.aearraiolos.net\/?page_id=24","title":{"rendered":"Conselho Geral"},"content":{"rendered":"<p><strong>Presidente do Conselho Geral<\/strong><\/p>\n<p align=\"right\">Catarina Cartaxo Correia dos Loios<br \/><a href=\"mailto:pgaspar@aearraiolos.net\">cloios@aearraiolos.net<\/a><\/p>\n<ul>\n<li>Catarina Loios (docente)<\/li>\n<li>Ana Isabel carvalho (docente)<\/li>\n<li>Adelaide Oliveira (docente)<\/li>\n<li>Isabel Lopes (docente)<\/li>\n<li>Ana Seixas (docente)<\/li>\n<li>Maria da Luz Ferreira (docente)<\/li>\n<li>Maria Jos\u00e9 Ser\u00f4dio (docente)<\/li>\n<li>Idalete Rosa (Assistente Operacional)<\/li>\n<li>Ana Rute Rosado ( Assistente Operacional)<\/li>\n<li>Carla Louren\u00e7o (Pais e EE)<\/li>\n<li>Joana Santos (Pais e EE)<\/li>\n<li>Marta Raimundo (Pais e EE)<\/li>\n<li>V\u00edtor Amaro (Pais e EE)<\/li>\n<li>Guilherme Freixa (alunos)<\/li>\n<li>Miguel P\u00e2ndega (alunos)<\/li>\n<li>Maria Beatriz Castor (C\u00e2mara Municipal)<\/li>\n<li>Isabel Bizarro (C\u00e2mara Municipal)<\/li>\n<li>Joaquim Ser\u00f4dio (C\u00e2mara Municipal)<\/li>\n<li>Hermenegildo Pateiro (Diretor)<\/li>\n<li>Lu\u00eds Chinelo\u00a0(Santa Casa da Miseric\u00f3rdia de Arraiolos)<\/li>\n<li>Manuel Ra\u00fal\u00a0 Pequito (Associa\u00e7\u00e3o Humanit\u00e1ria dos Bombeiros Volunt\u00e1rios)<\/li>\n<li>Alberto Santos\u00a0 (Monte-ACE)<\/li>\n<\/ul>\n\n\n<h2 class=\"wp-block-heading\" id=\"documentos\">Documentos<\/h2>\n\n\n\n<p class=\"wp-block-paragraph\"><a href=\"https:\/\/www.aearraiolos.net\/wp-content\/uploads\/2021\/06\/CA-DIRETOR.pdf\" data-type=\"URL\" data-id=\"https:\/\/www.aearraiolos.net\/wp-content\/uploads\/2021\/06\/CA-DIRETOR.pdf\">Crit\u00e9rios de avalia\u00e7\u00e3o do Diretor<\/a><\/p>\n","protected":false},"excerpt":{"rendered":"<p>Presidente do Conselho Geral Catarina Cartaxo Correia dos Loioscloios@aearraiolos.net Catarina Loios (docente) Ana Isabel carvalho (docente) Adelaide Oliveira (docente) Isabel Lopes (docente) Ana Seixas (docente) Maria da Luz Ferreira (docente) Maria Jos\u00e9 Ser\u00f4dio (docente) Idalete Rosa (Assistente Operacional) Ana Rute &hellip; <a href=\"https:\/\/www.aearraiolos.net\/?page_id=24\">Continuar a ler <span class=\"meta-nav\">&rarr;<\/span><\/a><\/p>\n","protected":false},"author":1,"featured_media":0,"parent":0,"menu_order":0,"comment_status":"closed","ping_status":"closed","template":"","meta":{"_crdt_document":"","footnotes":""},"class_list":["post-24","page","type-page","status-publish","hentry"],"_links":{"self":[{"href":"https:\/\/www.aearraiolos.net\/index.php?rest_route=\/wp\/v2\/pages\/24","targetHints":{"allow":["GET"]}}],"collection":[{"href":"https:\/\/www.aearraiolos.net\/index.php?rest_route=\/wp\/v2\/pages"}],"about":[{"href":"https:\/\/www.aearraiolos.net\/index.php?rest_route=\/wp\/v2\/types\/page"}],"author":[{"embeddable":true,"href":"https:\/\/www.aearraiolos.net\/index.php?rest_route=\/wp\/v2\/users\/1"}],"replies":[{"embeddable":true,"href":"https:\/\/www.aearraiolos.net\/index.php?rest_route=%2Fwp%2Fv2%2Fcomments&post=24"}],"version-history":[{"count":23,"href":"https:\/\/www.aearraiolos.net\/index.php?rest_route=\/wp\/v2\/pages\/24\/revisions"}],"predecessor-version":[{"id":4910,"href":"https:\/\/www.aearraiolos.net\/index.php?rest_route=\/wp\/v2\/pages\/24\/revisions\/4910"}],"wp:attachment":[{"href":"https:\/\/www.aearraiolos.net\/index.php?rest_route=%2Fwp%2Fv2%2Fmedia&parent=24"}],"curies":[{"name":"wp","href":"https:\/\/api.w.org\/{rel}","templated":true}]}}